{"id":445,"date":"2026-01-03T21:24:01","date_gmt":"2026-01-03T21:24:01","guid":{"rendered":"https:\/\/www.jpeuxpasjaiphoto.fr\/?page_id=445"},"modified":"2026-01-03T23:34:09","modified_gmt":"2026-01-03T23:34:09","slug":"culturez-vous","status":"publish","type":"page","link":"https:\/\/www.jpeuxpasjaiphoto.fr\/index.php\/culturez-vous\/","title":{"rendered":"Culturez-vous"},"content":{"rendered":"\t\t<div data-elementor-type=\"wp-page\" data-elementor-id=\"445\" class=\"elementor elementor-445\" data-elementor-post-type=\"page\">\n\t\t\t\t<div class=\"elementor-element elementor-element-20c30ac9 e-flex e-con-boxed e-con e-parent\" data-id=\"20c30ac9\" data-element_type=\"container\" data-e-type=\"container\">\n\t\t\t\t\t<div class=\"e-con-inner\">\n\t\t<div class=\"elementor-element elementor-element-788d1a9d e-con-full e-flex e-con e-child\" data-id=\"788d1a9d\" data-element_type=\"container\" data-e-type=\"container\">\n\t\t\t\t<div class=\"elementor-element elementor-element-23d86acf elementor-widget elementor-widget-heading\" data-id=\"23d86acf\" data-element_type=\"widget\" data-e-type=\"widget\" data-widget_type=\"heading.default\">\n\t\t\t\t\t<h1 class=\"elementor-heading-title elementor-size-default\">Culturez-vous<\/h1>\t\t\t\t<\/div>\n\t\t\t\t<div class=\"elementor-element elementor-element-6d5a0879 elementor-widget elementor-widget-text-editor\" data-id=\"6d5a0879\" data-element_type=\"widget\" data-e-type=\"widget\" data-widget_type=\"text-editor.default\">\n\t\t\t\t\t\t\t\t\t<p data-path-to-node=\"3\"><strong>Culturez-vous,<\/strong> c\u2019est une invitation \u00e0 nourrir sa curiosit\u00e9.<br \/>Livres, expositions, documentaires, podcasts ou encore \u00e9v\u00e9nements culturels : cette rubrique met en lumi\u00e8re des id\u00e9es, des \u0153uvres et des regards qui font r\u00e9fl\u00e9chir, voyager ou simplement d\u00e9couvrir autrement le monde qui nous entoure.<\/p>\t\t\t\t\t\t\t\t<\/div>\n\t\t\t\t<\/div>\n\t\t<div class=\"elementor-element elementor-element-3c377ae1 e-con-full e-flex e-con e-child\" data-id=\"3c377ae1\" data-element_type=\"container\" data-e-type=\"container\" data-settings=\"{&quot;background_background&quot;:&quot;classic&quot;,&quot;background_motion_fx_motion_fx_scrolling&quot;:&quot;yes&quot;,&quot;background_motion_fx_devices&quot;:[&quot;desktop&quot;,&quot;tablet&quot;,&quot;mobile&quot;]}\">\n\t\t\t\t<div class=\"elementor-element elementor-element-6261f2d elementor-widget elementor-widget-image\" data-id=\"6261f2d\" data-element_type=\"widget\" data-e-type=\"widget\" data-widget_type=\"image.default\">\n\t\t\t\t\t\t\t\t\t\t\t\t\t\t\t<img fetchpriority=\"high\" decoding=\"async\" width=\"800\" height=\"800\" src=\"https:\/\/www.jpeuxpasjaiphoto.fr\/wp-content\/uploads\/2026\/01\/26540-1024x1024.jpg\" class=\"attachment-large size-large wp-image-454\" alt=\"\" srcset=\"https:\/\/www.jpeuxpasjaiphoto.fr\/wp-content\/uploads\/2026\/01\/26540-1024x1024.jpg 1024w, https:\/\/www.jpeuxpasjaiphoto.fr\/wp-content\/uploads\/2026\/01\/26540-300x300.jpg 300w, https:\/\/www.jpeuxpasjaiphoto.fr\/wp-content\/uploads\/2026\/01\/26540-150x150.jpg 150w, https:\/\/www.jpeuxpasjaiphoto.fr\/wp-content\/uploads\/2026\/01\/26540-768x768.jpg 768w, https:\/\/www.jpeuxpasjaiphoto.fr\/wp-content\/uploads\/2026\/01\/26540-1536x1536.jpg 1536w, https:\/\/www.jpeuxpasjaiphoto.fr\/wp-content\/uploads\/2026\/01\/26540-2048x2048.jpg 2048w\" sizes=\"(max-width: 800px) 100vw, 800px\" \/>\t\t\t\t\t\t\t\t\t\t\t\t\t\t\t<\/div>\n\t\t\t\t<\/div>\n\t\t\t\t\t<\/div>\n\t\t\t\t<\/div>\n\t\t<div class=\"elementor-element elementor-element-213aad83 e-flex e-con-boxed e-con e-parent\" data-id=\"213aad83\" data-element_type=\"container\" data-e-type=\"container\">\n\t\t\t\t\t<div class=\"e-con-inner\">\n\t\t\t\t<div class=\"elementor-element elementor-element-4074e41f elementor-posts__hover-none elementor-grid-3 elementor-grid-tablet-2 elementor-grid-mobile-1 elementor-posts--thumbnail-top elementor-widget elementor-widget-posts\" data-id=\"4074e41f\" data-element_type=\"widget\" data-e-type=\"widget\" data-settings=\"{&quot;cards_row_gap&quot;:{&quot;unit&quot;:&quot;px&quot;,&quot;size&quot;:80,&quot;sizes&quot;:[]},&quot;cards_row_gap_tablet&quot;:{&quot;unit&quot;:&quot;px&quot;,&quot;size&quot;:71,&quot;sizes&quot;:[]},&quot;cards_row_gap_mobile&quot;:{&quot;unit&quot;:&quot;px&quot;,&quot;size&quot;:30,&quot;sizes&quot;:[]},&quot;cards_columns&quot;:&quot;3&quot;,&quot;cards_columns_tablet&quot;:&quot;2&quot;,&quot;cards_columns_mobile&quot;:&quot;1&quot;}\" data-widget_type=\"posts.cards\">\n\t\t\t\t<div class=\"elementor-widget-container\">\n\t\t\t\t\t\t\t<div class=\"elementor-posts-container elementor-posts elementor-posts--skin-cards elementor-grid\" role=\"list\">\n\t\t\t\t<article class=\"elementor-post elementor-grid-item post-531 post type-post status-publish format-standard has-post-thumbnail hentry category-culture-photo\" role=\"listitem\">\n\t\t\t<div class=\"elementor-post__card\">\n\t\t\t\t<a class=\"elementor-post__thumbnail__link\" href=\"https:\/\/www.jpeuxpasjaiphoto.fr\/index.php\/2026\/01\/07\/cafoucho-le-joyeux-bordel-visuel-de-boby\/\" tabindex=\"-1\" ><div class=\"elementor-post__thumbnail\"><img decoding=\"async\" width=\"1536\" height=\"1024\" src=\"https:\/\/www.jpeuxpasjaiphoto.fr\/wp-content\/uploads\/2026\/01\/cafoucho-boby-livre-1.jpg\" class=\"attachment-full size-full wp-image-546\" alt=\"\" srcset=\"https:\/\/www.jpeuxpasjaiphoto.fr\/wp-content\/uploads\/2026\/01\/cafoucho-boby-livre-1.jpg 1536w, https:\/\/www.jpeuxpasjaiphoto.fr\/wp-content\/uploads\/2026\/01\/cafoucho-boby-livre-1-180x120.jpg 180w, https:\/\/www.jpeuxpasjaiphoto.fr\/wp-content\/uploads\/2026\/01\/cafoucho-boby-livre-1-1024x683.jpg 1024w, https:\/\/www.jpeuxpasjaiphoto.fr\/wp-content\/uploads\/2026\/01\/cafoucho-boby-livre-1-768x512.jpg 768w\" sizes=\"(max-width: 1536px) 100vw, 1536px\" \/><\/div><\/a>\n\t\t\t\t<div class=\"elementor-post__text\">\n\t\t\t\t<h4 class=\"elementor-post__title\">\n\t\t\t<a href=\"https:\/\/www.jpeuxpasjaiphoto.fr\/index.php\/2026\/01\/07\/cafoucho-le-joyeux-bordel-visuel-de-boby\/\" >\n\t\t\t\t\u00ab Cafoucho \u00bb de Boby : Un joyeux bordel photographique\t\t\t<\/a>\n\t\t<\/h4>\n\t\t\n\t\t<a class=\"elementor-post__read-more\" href=\"https:\/\/www.jpeuxpasjaiphoto.fr\/index.php\/2026\/01\/07\/cafoucho-le-joyeux-bordel-visuel-de-boby\/\" aria-label=\"En savoir plus sur \u00ab Cafoucho \u00bb de Boby : Un joyeux bordel photographique\" tabindex=\"-1\" >\n\t\t\tLire l'article\t\t<\/a>\n\n\t\t\t\t<\/div>\n\t\t\t\t\t<\/div>\n\t\t<\/article>\n\t\t\t\t<article class=\"elementor-post elementor-grid-item post-425 post type-post status-publish format-standard has-post-thumbnail hentry category-culture-photo\" role=\"listitem\">\n\t\t\t<div class=\"elementor-post__card\">\n\t\t\t\t<a class=\"elementor-post__thumbnail__link\" href=\"https:\/\/www.jpeuxpasjaiphoto.fr\/index.php\/2026\/01\/01\/tumur-dalex-dinaut-quand-le-fer-forge-lame-et-limage\/\" tabindex=\"-1\" ><div class=\"elementor-post__thumbnail\"><img decoding=\"async\" width=\"1536\" height=\"1024\" src=\"https:\/\/www.jpeuxpasjaiphoto.fr\/wp-content\/uploads\/2026\/01\/Tumur-alex-dinaut.png\" class=\"attachment-full size-full wp-image-525\" alt=\"\" srcset=\"https:\/\/www.jpeuxpasjaiphoto.fr\/wp-content\/uploads\/2026\/01\/Tumur-alex-dinaut.png 1536w, https:\/\/www.jpeuxpasjaiphoto.fr\/wp-content\/uploads\/2026\/01\/Tumur-alex-dinaut-180x120.png 180w, https:\/\/www.jpeuxpasjaiphoto.fr\/wp-content\/uploads\/2026\/01\/Tumur-alex-dinaut-1024x683.png 1024w, https:\/\/www.jpeuxpasjaiphoto.fr\/wp-content\/uploads\/2026\/01\/Tumur-alex-dinaut-768x512.png 768w\" sizes=\"(max-width: 1536px) 100vw, 1536px\" \/><\/div><\/a>\n\t\t\t\t<div class=\"elementor-post__text\">\n\t\t\t\t<h4 class=\"elementor-post__title\">\n\t\t\t<a href=\"https:\/\/www.jpeuxpasjaiphoto.fr\/index.php\/2026\/01\/01\/tumur-dalex-dinaut-quand-le-fer-forge-lame-et-limage\/\" >\n\t\t\t\tTUMUR d\u2019Alex Dinaut : Quand le fer forge l&rsquo;\u00e2me et l&rsquo;image\t\t\t<\/a>\n\t\t<\/h4>\n\t\t\n\t\t<a class=\"elementor-post__read-more\" href=\"https:\/\/www.jpeuxpasjaiphoto.fr\/index.php\/2026\/01\/01\/tumur-dalex-dinaut-quand-le-fer-forge-lame-et-limage\/\" aria-label=\"En savoir plus sur TUMUR d\u2019Alex Dinaut : Quand le fer forge l&rsquo;\u00e2me et l&rsquo;image\" tabindex=\"-1\" >\n\t\t\tLire l'article\t\t<\/a>\n\n\t\t\t\t<\/div>\n\t\t\t\t\t<\/div>\n\t\t<\/article>\n\t\t\t\t<article class=\"elementor-post elementor-grid-item post-569 post type-post status-publish format-standard has-post-thumbnail hentry category-culture-photo\" role=\"listitem\">\n\t\t\t<div class=\"elementor-post__card\">\n\t\t\t\t<a class=\"elementor-post__thumbnail__link\" href=\"https:\/\/www.jpeuxpasjaiphoto.fr\/index.php\/2025\/12\/02\/premier-salon-de-la-photo-de-soissons\/\" tabindex=\"-1\" ><div class=\"elementor-post__thumbnail\"><img loading=\"lazy\" decoding=\"async\" width=\"1200\" height=\"800\" src=\"https:\/\/www.jpeuxpasjaiphoto.fr\/wp-content\/uploads\/2026\/12\/salon-photo-soissons-2025_01.jpg\" class=\"attachment-full size-full wp-image-572\" alt=\"\" srcset=\"https:\/\/www.jpeuxpasjaiphoto.fr\/wp-content\/uploads\/2026\/12\/salon-photo-soissons-2025_01.jpg 1200w, https:\/\/www.jpeuxpasjaiphoto.fr\/wp-content\/uploads\/2026\/12\/salon-photo-soissons-2025_01-180x120.jpg 180w, https:\/\/www.jpeuxpasjaiphoto.fr\/wp-content\/uploads\/2026\/12\/salon-photo-soissons-2025_01-1024x683.jpg 1024w, https:\/\/www.jpeuxpasjaiphoto.fr\/wp-content\/uploads\/2026\/12\/salon-photo-soissons-2025_01-768x512.jpg 768w\" sizes=\"(max-width: 1200px) 100vw, 1200px\" \/><\/div><\/a>\n\t\t\t\t<div class=\"elementor-post__text\">\n\t\t\t\t<h4 class=\"elementor-post__title\">\n\t\t\t<a href=\"https:\/\/www.jpeuxpasjaiphoto.fr\/index.php\/2025\/12\/02\/premier-salon-de-la-photo-de-soissons\/\" >\n\t\t\t\tPremier salon de la photo de Soissons\t\t\t<\/a>\n\t\t<\/h4>\n\t\t\n\t\t<a class=\"elementor-post__read-more\" href=\"https:\/\/www.jpeuxpasjaiphoto.fr\/index.php\/2025\/12\/02\/premier-salon-de-la-photo-de-soissons\/\" aria-label=\"En savoir plus sur Premier salon de la photo de Soissons\" tabindex=\"-1\" >\n\t\t\tLire l'article\t\t<\/a>\n\n\t\t\t\t<\/div>\n\t\t\t\t\t<\/div>\n\t\t<\/article>\n\t\t\t\t<\/div>\n\t\t\n\t\t\t\t\t\t<\/div>\n\t\t\t\t<\/div>\n\t\t\t\t\t<\/div>\n\t\t\t\t<\/div>\n\t\t\t\t<\/div>\n\t\t","protected":false},"excerpt":{"rendered":"<p>Culturez-vous Culturez-vous, c\u2019est une invitation \u00e0 nourrir sa curiosit\u00e9.Livres, expositions, documentaires, podcasts ou encore \u00e9v\u00e9nements culturels : cette rubrique met<\/p>\n","protected":false},"author":1,"featured_media":66,"parent":0,"menu_order":0,"comment_status":"closed","ping_status":"closed","template":"elementor_header_footer","meta":{"footnotes":""},"class_list":["post-445","page","type-page","status-publish","has-post-thumbnail","hentry"],"_links":{"self":[{"href":"https:\/\/www.jpeuxpasjaiphoto.fr\/index.php\/wp-json\/wp\/v2\/pages\/445","targetHints":{"allow":["GET"]}}],"collection":[{"href":"https:\/\/www.jpeuxpasjaiphoto.fr\/index.php\/wp-json\/wp\/v2\/pages"}],"about":[{"href":"https:\/\/www.jpeuxpasjaiphoto.fr\/index.php\/wp-json\/wp\/v2\/types\/page"}],"author":[{"embeddable":true,"href":"https:\/\/www.jpeuxpasjaiphoto.fr\/index.php\/wp-json\/wp\/v2\/users\/1"}],"replies":[{"embeddable":true,"href":"https:\/\/www.jpeuxpasjaiphoto.fr\/index.php\/wp-json\/wp\/v2\/comments?post=445"}],"version-history":[{"count":7,"href":"https:\/\/www.jpeuxpasjaiphoto.fr\/index.php\/wp-json\/wp\/v2\/pages\/445\/revisions"}],"predecessor-version":[{"id":457,"href":"https:\/\/www.jpeuxpasjaiphoto.fr\/index.php\/wp-json\/wp\/v2\/pages\/445\/revisions\/457"}],"wp:featuredmedia":[{"embeddable":true,"href":"https:\/\/www.jpeuxpasjaiphoto.fr\/index.php\/wp-json\/wp\/v2\/media\/66"}],"wp:attachment":[{"href":"https:\/\/www.jpeuxpasjaiphoto.fr\/index.php\/wp-json\/wp\/v2\/media?parent=445"}],"curies":[{"name":"wp","href":"https:\/\/api.w.org\/{rel}","templated":true}]}}